6 (base 7) to base 14
d
4 (base 10) to base 2
100
24 (base 16) to base 12
30
What is 3 (base 5) in base 2?
11
Convert -234 (base 6) to base 11.
-86
Convert -1 (base 15) to base 14.
-1
What is -2 (base 4) in base 11?
-2
Convert -231 (base 6) to base 8.
-133
13 (base 6) to base 3
100
-b3 (base 13) to base 11
-123
-104 (base 8) to base 16
-44
What is -3 (base 10) in base 11?
-3
-8 (base 9) to base 15
-8
What is -2 (base 14) in base 9?
-2
Convert 39 (base 12) to base 2.
101101
What is -6 (base 16) in base 13?
-6
What is -26 (base 9) in base 14?
-1a
Convert -20 (base 5) to base 12.
-a
What is -1 (base 2) in base 7?
-1
Convert -1000 (base 2) to base 14.
-8
Convert -11000 (base 3) to base 7.
-213
Convert 5 (base 8) to base 4.
11
What is -100 (base 2) in base 15?
-4
Convert 110 (base 3) to base 13.
c
0 (base 7) to base 6
0
-5 (base 10) to base 14
-5
What is 4 (base 9) in base 13?
4
What is 13 (base 14) in base 12?
15
What is 313 (base 5) in base 7?
146
ef (base 16) to base 14
131
-20 (base 5) to base 9
-11
What is 1 (base 9) in base 12?
1
Convert -1 (base 13) to base 7.
-1
Convert 1 (base 14) to base 12.
1
What is -37 (base 14) in base 4?
-301
8 (base 13) to base 7
11
What is -102 (base 6) in base 16?
-26
-1130 (base 5) to base 12
-119
What is 82 (base 10) in base 8?
122
What is 11 (base 3) in base 6?
4
15 (base 7) to base 13
c
Convert -15 (base 13) to base 4.
-102
Convert -2 (base 9) to base 7.
-2
0 (base 6) to base 13
0
Convert -10 (base 2) to base 11.
-2
What is 21 (base 4) in base 6?
13
What is -10 (base 3) in base 8?
-3
Convert 2230 (base 4) to base 7.
334
What is -1113 (base 4) in base 6?
-223
23 (base 13) to base 11
27
-10 (base 2) to base 4
-2
Convert 1 (base 16) to base 10.
1
4 (base 7) to base 8
4
35 (base 13) to base 4
230
Convert 4 (base 6) to base 7.
4
Convert -10100100 (base 2) to base 4.
-2210
Convert -8 (base 13) to base 15.
-8
Convert 1 (base 10) to base 14.
1
-2 (base 12) to base 3
-2
What is 3013 (base 4) in base 11?
171
Convert -5 (base 13) to base 12.
-5
Convert c (base 15) to base 13.
c
1 (base 14) to base 9
1
Convert -1110 (base 3) to base 5.
-124
What is -1 (base 14) in base 11?
-1
Convert 1 (base 14) to base 15.
1
What is 54 (base 9) in base 12?
41
Convert 11000 (base 3) to base 15.
73
Convert -22 (base 3) to base 4.
-20
What is 22 (base 7) in base 13?
13
Convert 1100 (base 2) to base 7.
15
What is -5 (base 9) in base 3?
-12
Convert -100 (base 3) to base 10.
-9
Convert 1001101 (base 2) to base 13.
5c
Convert 1 (base 8) to base 7.
1
Convert -1a (base 12) to base 11.
-20
What is -5 (base 6) in base 5?
-10
Convert -24 (base 14) to base 15.
-22
-1 (base 9) to base 13
-1
1ab (base 13) to base 4
10312
-111111 (base 2) to base 3
-2100
-1330 (base 4) to base 16
-7c
Convert -1223 (base 5) to base 4.
-2330
What is -3 (base 8) in base 4?
-3
0 (base 5) to base 7
0
Convert -1 (base 7) to base 10.
-1
Convert 2 (base 14) to base 8.
2
7 (base 9) to base 7
10
Convert 1 (base 4) to base 3.
1
-10011 (base 2) to base 15
-14
What is 2 (base 12) in base 9?
2
What is -2 (base 4) in base 9?
-2
Convert 12 (base 4) to base 9.
6
-3 (base 8) to base 10
-3
7 (base 10) to base 16
7
3 (base 13) to base 9
3
What is 46 (base 14) in base 13?
4a
-5 (base 10) to base 15
-5
-3 (base 8) to base 10
-3
Convert 21 (base 3) to base 15.
7
Convert -545 (base 7) to base 13.
-185
Convert -15 (base 7) to base 15.
-c
Convert -2 (base 16) to base 6.
-2
Convert -4 (base 7) to base 2.
-100
18 (base 15) to base 6
35
Convert 1a (base 12) to base 4.
112
-1 (base 2) to base 3
-1
Convert 13 (base 4) to base 10.
7
What is 5 (base 9) in base 13?
5
What is 0 (base 16) in base 5?
0
What is -32 (base 4) in base 7?
-20
What is 52 (base 15) in base 4?
1031
Convert 378 (base 10) to base 6.
1430
-2 (base 5) to base 14
-2
What is 11 (base 15) in base 12?
14
What is 4 (base 8) in base 5?
4
What is -100010 (base 2) in base 15?
-24
-130 (base 12) to base 13
-10b
Convert 3 (base 11) to base 2.
11
Convert 154 (base 7) to base 2.
1011000
What is -10111 (base 3) in base 16?
-5e
-7 (base 15) to base 16
-7
Convert 2 (base 12) to base 4.
2
Convert -1003 (base 4) to base 7.
-124
Convert -44 (base 7) to base 10.
-32
-124 (base 9) to base 14
-75
9 (base 15) to base 2
1001
What is 2 (base 7) in base 9?
2
Convert -7 (base 8) to base 2.
-111
Convert 60 (base 9) to base 10.
54
What is e (base 16) in base 14?
10
Convert 1 (base 9) to base 4.
1
1 (base 12) to base 3
1
Convert 0 (base 16) to base 7.
0
3 (base 16) to base 2
11
433 (base 5) to base 13
91
What is 130 (base 14) in base 9?
284
Convert 10 (base 2) to base 16.
2
What is 0 (base 8) in base 14?
0
What is -130 (base 7) in base 3?
-2121
Convert -57 (base 12) to base 10.
-67
Convert -b (base 16) to base 12.
-b
Convert 115 (base 16) to base 6.
1141
-b (base 13) to base 16
-b
What is -3 (base 6) in base 11?
-3
12 (base 6) to base 16
8
What is -1b (base 16) in base 5?
-102
What is -321 (base 7) in base 12?
-116
What is -1b (base 15) in base 3?
-222
2 (base 10) to base 9
2
Convert -10 (base 14) to base 2.
-1110
Convert -17 (base 11) to base 9.
-20
-9 (base 12) to base 16
-9
What is -1 (base 11) in base 3?
-1
What is -13 (base 5) in base 2?
-1000
What is 12 (base 6) in base 5?
13
0 (base 14) to base 2
0
What is 1 (base 4) in base 2?
1
-1010 (base 4) to base 5
-233
254 (base 8) to base 11
147
Convert -10101 (base 2) to base 13.
-18
0 (base 15) to base 7
0
What is -21 (base 15) in base 12?
-27
83 (base 15) to base 4
1323
What is -79 (base 16) in base 6?
-321
Convert 135 (base 7) to base 4.
1023
-b5 (base 13) to base 7
-301
1 (base 2) to base 8
1
f (base 16) to base 8
17
What is 283 (base 9) in base 12?
179
Convert -a5 (base 11) to base 13.
-8b
What is -108 (base 10) in base 12?
-90
Convert 0 (base 9) to base 13.
0
Convert -200 (base 6) to base 4.
-1020
25 (base 7) to base 16
13
-10 (base 2) to base 14
-2
1101 (base 4) to base 11
74
-4 (base 9) to base 14
-4
What is -111 (base 3) in base 6?
-21
62 (base 7) to base 14
32
What is -16 (base 11) in base 16?
-11
12 (base 15) to base 8
21
-60 (base 11) to base 13
-51
-9 (base 10) to base 8
-11
1222 (base 4) to base 16
6a
Convert 2 (base 16) to base 10.
2
-101001 (base 2) to base 14
-2d
What is -38 (base 16) in base 6?
-132
13 (base 10) to base 5
23
Convert 23 (base 4) to base 15.
b
Convert 302 (base 6) to base 4.
1232
Convert 4b (base 13) to base 15.
43
What is 0 (base 3) in base 7?
0
What is -120101 (base 3) in base 9?
-511
11f (base 16) to base 14
167
2 (base 4) to base 10
2
Convert 534 (base 6) to base 16.
ca
What is 3 (base 6) in base 4?
3
-1 (base 11) to base 12
-1
Convert -111 (base 10) to base 11.
-a1
What is -123 (base 12) in base 8?
-253
Convert -35 (base 8) to base 7.
-41
Convert 214 (base 5) to base 11.
54
What is -25 (base 8) in base 3?
-210
What is 12 (base 14) in base 13?
13
What is -4 (base 15) in base 16?
-4
-157 (base 15) to base 7
-616
Convert 3 (base 5) to base 2.
11
Convert 11 (base 15) to base 11.
15
Convert -c8 (base 13) to base 9.
-202
3 (base 16) to base 7
3
Convert 13 (base 6) to base 14.
9
-1101101 (base 2) to base 6
-301
3 (base 10) to base 4
3
What is -5a (base 15) in base 10?
-85
Convert 3 (base 13) to base 8.
3
-2 (base 12) to base 16
-2
What is -15 (base 7) in base 5?
-22
Convert -263 (base 7) to base 5.
-1033
1 (base 13) to base 4
1
2 (base 6) to base 10
2
Convert 24 (base 5) to base 2.
1110
Convert -12 (base 13) to base 5.
-30
What is 37 (base 8) in base 5?
111
What is -335 (base 8) in base 15?
-eb
What is -144 (base 5) in base 16?
-31
-10 (base 15) to base 10
-15
What is 67 (base 14) in base 16?
5b
What is 3 (base 14) in base 10?
3
What is 2 (base 12) in base 9?
2
Convert -19 (base 15) to base 8.
-30
-3 (base 8) to base 14
-3
1 (base 3) to base 13
1
1 (base 12) to base 3
1
What is -21 (base 8) in base 2?
-10001
Convert -3 (base 7) to base 9.
-3
Convert 3 (base 10) to base 4.
3
114 (base 7) to base 10
60
What is 15a (base 15) in base 7?
622
What is 8 (base 12) in base 9?
8
105 (base 8) to base 6
153
100 (base 7) to base 9
54
20 (base 13) to base 3
222
-120 (base 4) to base 5
-44
What is 1 (base 5) in base 7?
1
What is -178 (base 10) in base 13?
-109
Convert 12 (base 14) to base 5.
31
1001 (base 3) to base 4
130
What is 22 (base 3) in base 13?
8
What is 8 (base 10) in base 13?
8
What